 What is the units digit of l?
1
Suppose 6*q - 8*q = -80. What is the tens digit of q?
4
Let g = 29 + -24. What is the units digit of g?
5
Suppose k = 6*k + 15. Let c = 1 - k. What is the units digit of c?
4
What is the tens digit of 53 - ((-4)/14 + (-10)/14)?
5
Let l(z) = -5*z - z**2 + 4*z**2 - z**2. Let d be l(-4). What is the units digit of d/9 - 2/(-9)?
6
Let c(g) = -g + 2. Suppose -2*p - 38 = 4*z + 4, -2*p - 18 = -4*z. What is the tens digit of c(p)?
1
Suppose 0 = -5*t + 2*z - 5, 4*z = -2*t + z - 2. Let p be t/(-4) + (-174)/(-8). Let a = p + -12. What is the units digit of a?
0
Suppose u - 3*u = 4*b - 76, b - 26 = -4*u. What is the tens digit of b?
1
Let f = 8 - 4. Suppose -3*n - 4*k - 28 = -5*k, -4*n = -f*k + 48. Let q = n - -16. What is the units digit of q?
8
Suppose -c = -3*b - 14, -39 = -0*c - c - 2*b. What is the tens digit of c?
2
Suppose -3*m + 8*m - 3*z = 136, 5*z = m - 14. Suppose -2*l = -l - 5*a - 10, -a = -2*l + m. What is the units digit of l?
5
Let x(a) = -2*a - 10. Let i be x(-7). Let g(o) = -o**3 + 5*o**2 - o - 3. What is the units digit of g(i)?
9
Suppose -4*y + 3 + 1 = 0. Suppose 5*x = k + 2 - y, -x - 5*k - 5 = 0. Suppose -5*f - 15 = -v, 0 = -4*v - x*f - 5*f + 35. What is the units digit of v?
0
What is the hundreds digit of 9*(64/3 - (2 + -1))?
1
Suppose -4*v + 68 = 4*z, -z - 7*v + 3*v + 23 = 0. What is the units digit of z?
5
Let z = 25 - 0. Let t(c) = -c**3 - 6*c**2 - 5*c + 6. Let v be t(-5). Suppose 0 = -p + v*p - z. What is the units digit of p?
5
Suppose p - 2*h - 20 = 0, -2*h + 50 = 3*p + 6. What is the units digit of p?
6
Let z = -9 - -16. What is the units digit of z?
7
Suppose -151 = -v - y, 3*v + 2*y + 0*y - 456 = 0. What is the tens digit of v?
5
Suppose 0 = -2*z + z. Let x(l) = -11*l + 1. Let w be x(-1). Let v = w + z. What is the tens digit of v?
1
Suppose 21*k = 24*k - 234. What is the units digit of k?
8
Suppose 0 = -u - 0*u + 1. Let n = 6 - u. What is the units digit of n?
5
Let o(b) be the third derivative of -b**5/60 + 13*b**4/24 + 5*b**3/6 - 2*b**2. What is the units digit of o(11)?
7
What is the units digit of 2/(-7) + (-1026)/(-14)?
3
Let l(v) = -v**2 - 2*v + 2. Let f be l(2). What is the tens digit of ((-3)/f)/(3/84)?
1
Let j(w) = 12*w + 1 + 6 - 7. What is the tens digit of j(2)?
2
Let v = 0 + 1. Let p be 34*v + (-6)/3. Suppose -5*k = 3*m - 40, -2*k + p = 2*k - 4*m. What is the units digit of k?
8
Let m = -2 - -6. Let u be m/(-2) + -1 + 3. Suppose t + u*t = 10. What is the units digit of t?
0
Let a(l) = l**3 + 12*l**2 + 12*l + 12. Let d be a(-11). What is the units digit of (-12)/4*(-9)/d?
7
Let t = -84 - -124. What is the units digit of t?
0
Let u(i) = -i**2 - 4*i - 2. Let l be u(-2). Suppose 0 = -v + 7 + l. Suppose -z + v = 4*m - 4*z, -z + 5 = 0. What is the units digit of m?
6
Let j = -86 - -153. What is the units digit of j?
7
Suppose 0 = 2*y + 2*y - s - 43, 4*s - 44 = -2*y. What is the units digit of y?
2
Let s be ((-12)/10)/(1/5). Suppose 2*p - 52 = -2*p. Let d = p + s. What is the units digit of d?
7
Let i be (-9)/2*2/(-3). Suppose -5*t = 20, 2*g - i*t + 8*t = 0. What is the tens digit of g?
1
Let w(g) = g**3 + g**2 - 2*g. Let p be w(-2). Let h(j) = 2*j**2 + 3*j + 1. Let a be h(-2). What is the units digit of 2 - (a + p) - -11?
0
Let u(q) = 4*q**2 - 13*q - 3. What is the units digit of u(6)?
3
Suppose 4 = -l + 22. Suppose -2*h = 6*x - x - l, -4 = h - 4*x. What is the units digit of h?
4
Suppose -2*n - 15 + 3 = 0. Suppose -l = 2*l - 21. Let i = n + l. What is the units digit of i?
1
What is the tens digit of (14*2/8)/(10/280)?
9
Let z = -85 + 130. What is the units digit of z?
5
Let x(y) = 4*y**2 + 3*y + 3. Let j be x(-2). Let s = j - 6. Let n = 12 - s. What is the units digit of n?
5
Let l = 103 - 39. Suppose -2*a = -0*a + l. What is the tens digit of (-8)/a - (-63)/4?
1
Suppose 114 = 4*j - 170. What is the tens digit of j?
7
Let w be 63/18 + (-1)/2. Suppose -w = -g - 0*g, -4*u + 63 = 5*g. What is the units digit of u?
2
Suppose -3*s + 157 = s - 5*y, -2*s + 5*y = -81. What is the units digit of s?
8
Let w = 532 + -370. What is the tens digit of w?
6
Let s be 3/(9/30) - 2. Let w be (-36)/8*s/6. What is the units digit of 7/2 + 3/w?
3
Suppose 4*y - 4 = 4*q, -y + 1 = 4*q + 10. Let l = 3 + q. What is the units digit of l?
1
Suppose -3*r + 32 + 85 = 0. Suppose -2*h - 2*u + 6 = 0, 0 = -3*h + 2*u + u + r. What is the units digit of h?
8
Let a = 430 - 250. What is the units digit of a?
0
Let a = -6 + 8. Let y be (3 - a) + (1 - -1). What is the units digit of (-4 + (y - 0))*-13?
3
What is the tens digit of 719/7 - (-4)/(-28)*-2?
0
Suppose 5*k - 15 = 2*k. Suppose 0 = 3*t - 8*t - k. What is the units digit of 5 + -1 + (-1 - t)?
4
Let j = 3 - 15. Let a = j - -8. What is the units digit of (-2)/a - (-26)/4?
7
Suppose -2*g - 6 = -5*g. Suppose 16 = 2*o + g*o. What is the tens digit of (2/o)/(2/52)?
1
Let d(f) = f**2 - 5*f - 5. Let q be d(6). Let i be (2 + 0 - q) + -1. Suppose 4*r = -5*n + 27, 2*n = -4*r - i*r + 30. What is the units digit of r?
8
Let p(k) = -47*k. What is the units digit of p(-1)?
7
What is the units digit of (7 + 1)*(-17)/2*-2?
6
Let j = 2 + 1. Let c(d) = d**3 - 2*d**2 + d + 3. What is the units digit of c(j)?
5
Let c(g) = 7*g + 4. Let d(o) = o + 1. Let j(u) = -c(u) + 6*d(u). Let x be j(0). Suppose x*n = n + 9. What is the units digit of n?
9
Let o(y) = -y**2 + 27*y - 12. What is the hundreds digit of o(21)?
1
Let b = 15 - 11. Suppose 27 = b*o - 57. What is the tens digit of o?
2
Let r(n) = n**3 - n - 10. Let m be r(0). Let j = m - -16. What is the units digit of 1/3 + 16/j?
3
What is the tens digit of (858/9)/(-11)*(-9 + 0)?
7
Let r(n) = 5*n**2 - 7*n + 3. What is the units digit of r(3)?
7
Suppose -3*l + 6 = 3. What is the tens digit of (-19)/(-1)*1/l?
1
Suppose 0 = -i + 3*v + 3, -34 = -5*i - v - 3. Let g be 666/(-15) + i/(-10). Let t = 65 + g. What is the tens digit of t?
2
Suppose -30 = -0*x + x + 3*i, -i + 50 = -3*x. Suppose 5 = -5*o, s - o = -3*o - 29. Let u = x - s. What is the units digit of u?
9
Suppose 104 = m + m - 4*f, -2*m = f - 84. What is the units digit of m?
4
Suppose 3*c - 3*l - l - 9 = 0, 2*l + 22 = 4*c. Suppose v + 15 = -4*t, v - t - c = 3. Suppose 3*x - 3 = -5*w, v*x + 4*w - 2*w = 24. What is the units digit of x?
6
Suppose 0 = 4*s - s - 30. What is the units digit of 2/4 - (-145)/s?
5
Let r(c) = -11*c. Let q be r(3). What is the units digit of q/3*(-6)/2?
3
Suppose 88 = 5*a - 2. What is the tens digit of a?
1
Let w = 675 + -477. What is the tens digit of w?
9
Suppose -3*l + 4*l = 69. What is the tens digit of l?
6
Let f(u) = -u**2 + 4*u. Let k be f(4). Suppose k = 5*i - 151 - 4. Suppose i = 3*s + 5*d, 0 = 2*s - 2*d + d + 1. What is the units digit of s?
2
Let f = -17 - -37. What is the tens digit of f?
2
Let b = 167 - 113. Let m be 1176/b + (-2)/(-9). Suppose 0 = 5*y - m - 53. What is the tens digit of y?
1
Let z = -8 - -1. Let m = z + 29. What is the tens digit of m?
2
Let q be 16/(-6)*-3 - -4. Let z = q - -16. What is the tens digit of z?
2
Let v = -101 + 354. What is the hundreds digit of v?
2
Suppose 3*c = -4*c - 42. Let b = c - -42. What is the units digit of b?
6
Let g(y) = 9*y**2 + y + 1. Suppose -4*a + 14 = -3*h + a, 5*h = 5*a - 10. Let k be (-3)/h - (-1)/2. What is the units digit of g(k)?
9
Suppose 256 = 2*w + 2*w. What is the tens digit of w?
6
Let c(t) = -4*t**2 - 34*t + 26. Let s(g) = -2*g**2 - 17*g + 13. Let q(m) = -6*c(m) + 13*s(m). What is the units digit of q(-9)?
4
Suppose 0*l + 45 = 5*l. Let j = l - 8. What is the units digit of 6/3*1 - j?
1
Let n = 6 - 12. What is the units digit of (4/n)/((-3)/18)?
4
Let i(s) = s**2 + 8*s - 3. Let r be i(-9). Suppose -r*g + 4*g + 34 = -2*u, -3*g + 2*u = -49. What is the units digit of g?
5
Let s(b) = 2*b**3 + b**2 + 3*b + 4. Let y be s(3). Suppose 6*g - y = 2*g. What is the tens digit of g?
1
Let h be (-3)/(-2)*(-20)/(-15). Let m(w) = 7*w - 3 + w**h + 6 - 4*w. What is the units digit of m(-2)?
1
Suppose -37*z = -38*z + 103. What is the units digit of z?
3
Suppose -238 = -2*k - 2*d + 4*d, -2*k - 2*d = -238. Suppose 3*r - 73 = -n, 5*r = -0*r - n + k. What is the units digit of r?
3
Suppose -v + 4 = 1. Suppose -h + 17 = 4*g + 5, 0 = -5*h - 4*g + 108. Suppose 0*w = -v*w + h. What is the units digit of w?
8
Suppos